 c**3 + 2*c. Let a(j) = -4*j + 0 - 5*j - 2 + 7*j**2 - j**3 - 9. Let t be a(5). What is v(t)?
0
Let f be 624/(-32)*2/(-3). Let l(k) = 8 - 27 + k + f + 12. Give l(-8).
-2
Let b(l) = 3*l - 22. Let p = 28 + -21. What is b(p)?
-1
Let l(u) be the first derivative of -u**2 + 2*u + 1. Let j be (-10 + 1/1)*(-48)/216. Give l(j).
-2
Let z(p) = -p**3 - 5*p**2 - 2*p - 2. Let d(s) = -5*s + 3. Let h be d(1). Let f be (h/5)/((-2)/(-10)). What is z(f)?
-10
Suppose -2*v = 3*b - 5*v - 18, -3*v = b - 6. Let j = 11 - b. Let i(s) = 9*s**2 - 3*s**2 - 2*s**2 - 2 - j*s**2. Give i(-2).
-6
Let m(x) = -2*x + 1. Suppose -5*u + 15*u = 80. Let i be (-4)/(-6) - u/(-6). Give m(i).
-3
Suppose -2*a + 10 = 3*v - 7*v, -1 = a + 4*v. Let c(g) = -5 - g**2 + 1 + 3*g**a - 2*g**3 - g**2. Calculate c(3).
5
Let r(u) = 2*u**3 + 3*u**2 + 4*u + 2. Let q(g) = g**3 + 11*g**2 - 5*g - 57. Let f be q(-11). Determine r(f).
-10
Suppose -2*q + 0 = -82. Let m = 50 - q. Let v(t) = t**3 - 8*t**2 - 10*t - 3. Calculate v(m).
-12
Let m(g) = -2*g**3 + 3*g**2 - 2*g + 7. Let y(c) be the first derivative of -c**4/4 + c**3/3 - c**2/2 + 3*c - 20. Let o(x) = 2*m(x) - 5*y(x). Give o(-2).
-7
Let z(l) be the second derivative of 7*l**4/12 - l**2/2 + l. Suppose 4*m - 8 = 0, -6*w = -w + 3*m - 46. Suppose -c = -9 + w. Determine z(c).
6
Let k = 43 - 40. Suppose 2*g + 2*d - 12 = 0, 0*d + 9 = 5*g - 2*d. Let i(n) = -2*n - 2 + g*n + n**3 - 6*n**2 + 2*n**2. Calculate i(k).
-8
Let k(f) = 3*f - 29. Let m(x) = -11*x + 91. Let w(o) = 13*k(o) + 4*m(o). Determine w(-4).
7
Let j(t) = -1 + 0*t**3 - 2*t**3 - 3*t + t**3 + 2*t. Suppose 3*w + 2*r = -1, -2*w + w - 7 = 2*r. Suppose -w*u = 3*m + 12 - 3, -14 = 3*m + 4*u. What is j(m)?
-11
Let o(v) = -v**3 + 13*v**2 + 12*v + 20. Suppose 0 = -5*g + c + 66, -2*c = 2*g + 2*c - 44. What is o(g)?
-8
Let a(x) = 4*x - 103. Let m be a(0). Let p = 97 + m. Let t(l) = 4*l + 1. Calculate t(p).
-23
Let x(w) be the third derivative of -7/6*w**3 + 1/12*w**5 + 0*w + 1/120*w**6 + 16*w**2 - 1/24*w**4 + 0. What is x(-5)?
-2
Suppose 97*t = 72*t + 44*t - 76. Let y(h) = 3 - 1 + 0*h - 2*h. Determine y(t).
-6
Let t be (52/(-39))/(16/24). Let o(r) = 6*r**3 - 7. Let j(q) be the first derivative of -7*q**4/4 + 8*q + 3. Let l(z) = -5*j(z) - 6*o(z). What is l(t)?
10
Let b(j) = -2*j + 2*j + 2*j - j**2. Suppose n - 10 + 2 = 0. Suppose 0 = 3*w - f - 9, -n*f - 5 = -5*w - 3*f. Calculate b(w).
-8
Let x(w) be the third derivative of -w**6/120 - w**5/60 + 7*w**3/2 - 64*w**2. What is x(0)?
21
Let j = 8 + -10. Suppose -16 = -2*h - 0*x - 4*x, -4*h = -x + 4. Let f(w) = 2 - 2*w + h - 4 + 4. Determine f(j).
6
Let h(k) = 2 + k**3 - 756*k**2 + 757*k**2 - 3. Suppose -2*w - 3*w = -5. What is h(w)?
1
Let f(c) = -2*c - 143 - 3*c + 72 + 63. Determine f(-2).
2
Let x(i) = 1 + i**3 + 7*i**2 - i - 5*i**2 - 3 + 0*i**2. Calculate x(-2).
0
Let i(u) = 13*u + 4. Let w(s) = -3*s - 1. Let q(o) = 2*i(o) + 9*w(o). Let v = -27 - -28. Determine q(v).
-2
Let g(y) = y - 6. Let h(v) = 3*v + 7*v**2 + 2 - 3*v - 4*v**2. Let a be h(-1). What is g(a)?
-1
Let p(l) be the third derivative of -l**7/840 - l**6/120 + l**5/30 - l**4/24 + 17*l**3/6 - 14*l**2. Let t(q) be the first derivative of p(q). Calculate t(-4).
-1
Let k be 1 + 23 - (-2)/(-2). Let s(v) = 3*v**2 + 17*v - 9. Let n be s(-5). Let d = n + k. Let l(c) = -c**3 + 3*c**2 + 3*c + 5. Determine l(d).
1
Let u(a) = 8*a**2 + 0*a**3 - 6*a**2 - 2*a + a**3 + 4. Let r(f) = 6*f + 15. Let i be r(-3). Determine u(i).
1
Let q(u) be the second derivative of -u**3/6 + u**2 - 7*u. Let p(z) = -5*z - z - 5 - 4*z**2 + 3*z**2. Let b be p(-5). What is q(b)?
2
Let q(s) = s + 2*s**3 + 4*s**2 - 4*s + 1 - 3*s**3. Let x(g) = g**2 + 2. Suppose 0 = 3*h - d - 5, -2*d + 5 = 4*h - 3*d. Let y be x(h). Calculate q(y).
3
Let d(p) = 5*p - 3*p + 4*p + 14 - 3*p. Let k be d(-4). Let i(x) = -30 + 2*x + 28 - x**2 + x**3 - k*x**3. Determine i(2).
-10
Let j(i) be the first derivative of -5*i**4/4 - i**3/3 + i**2/2 - 25. Calculate j(1).
-5
Suppose -3*q - 3*j + j + 5 = 0, 0 = q - 2*j + 1. Suppose 0 = k - q - 3. Let r(o) = -3*o - 1. What is r(k)?
-13
Let y(n) = -1 - 2*n**2 + 0 + 3*n**2 - 2*n**2 + 5*n. Suppose 2*o + o - 39 = 0. Let g = o + -7. Determine y(g).
-7
Let m(d) = d**2 + 11*d + 11. Let j(h) = h**2 + 11*h + 3. Let v(p) = -2*j(p) + 3*m(p). Calculate v(-3).
3
Let l(d) = -3 + 3 - 2*d - 2722*d**2 + 2727*d**2. Let g(h) = -4*h**2 + h + 1. Let b(i) = 6*g(i) + 5*l(i). Give b(5).
11
Let j(w) be the first derivative of w**7/840 + w**6/120 - w**5/30 + w**4/24 - 12*w**3 - 36. Let h(p) be the third derivative of j(p). What is h(-4)?
1
Let q(m) = 2*m - 4. Let u(x) = -6*x + 20. Let o(r) = -4*q(r) - u(r). Calculate o(2).
-8
Let d(y) = -2*y + 4. Let s(k) = k**2 - 11*k + 2. Let n be s(4). Let m = -29 - n. Give d(m).
10
Let q(a) = a - 12. Suppose -3*m = 4*m - 14. Suppose 6 = k + 3*g, -2*k + 24 = m*k - g. What is q(k)?
-6
Let p be 1 + 1*2*1. Let m(h) = -34*h**2 - 4 - 12*h**2 - 12*h**2 + 57*h**2. What is m(p)?
-13
Let o be (8 + -5)*(-2)/3. Let y(g) = -2*g + 2. Let u be y(o). Let v(h) = -u*h + 4 - 2*h**2 + 0 + 3*h**2 - 2. Determine v(4).
-6
Let p(l) = -31*l**2 + l + 3. Let y(a) = 37*a**2 - 2*a - 4. Let f(o) = 6*p(o) + 5*y(o). Let j = 3 - 5. Calculate f(j).
2
Let r(t) be the second derivative of -7/12*t**4 - 1/20*t**5 + 15*t + 0 + 4*t**2 + 1/3*t**3. Let n(x) = -8*x + 1. Let i be n(1). Calculate r(i).
-6
Let r(c) = 2*c - 1. Suppose 10 = -4*f - f. Let y be -3*(-3 - f - 0). Let p be r(y). Let w(d) = d**3 - 6*d**2 + 5*d + 3. Give w(p).
3
Let g be 6/(-36) - 146/(-12). Suppose 2*j + 6 = -5*b - 13, j + 3*b + g = 0. Let v(i) = -j*i**2 - 25*i + 5*i**2 + 22*i. Calculate v(2).
2
Let f(h) be the third derivative of -h**4/24 + 5*h**3/6 + 465*h**2. Determine f(-4).
9
Let d = -3 - -5. Suppose -5*p + 17 - d = 0. Let f(n) be the third derivative of n**5/30 - n**4/6 - n**3/6 - 4*n**2. Calculate f(p).
5
Let i(g) = -g**2 - 9*g**2 + 20*g**2 - 11*g**2 + 3*g - 4. What is i(3)?
-4
Let b be -28 + -1 - (-2 - 1). Let c = b + 56. Suppose 3*w - 4*r + 46 = 11, -5*r = -w - c. Let m(x) = -3*x - 4. What is m(w)?
11
Suppose 5*u - 2433 = -3*s, 3*u - 1479 = -0*s + 3*s. Let q(t) = -u - t + 489. Let d = 7 - 1. Give q(d).
-6
Let j(b) = -5*b - 8. Let d be j(-2). Let v(q) be the second derivative of -8*q + 0*q**d - 5/6*q**3 + 0. What is v(-1)?
5
Suppose 3 = 2*s - 3*x + 4, 0 = 5*s - x - 17. Suppose 0 = 5*z - s*w + 61 - 6, -5*z - 25 = 2*w. Let l(u) = -u**2 - 6*u + 1. Determine l(z).
-6
Let r(w) = w**3 + w**2 + 2*w + 14. Let f(b) = 8*b**3 - 2*b - 15. Let i(y) = -f(y) - r(y). Let n be (1 - -1)/((-2)/(-1)). What is i(n)?
-9
Let i(a) = -5*a**2 - 3*a + 4. Let r(x) = 6*x**2 + 3*x - 5. Suppose -p = 1 - 5. Let s(q) = p*r(q) + 5*i(q). Let o be -1 + -3 - (-3)/3. Give s(o).
0
Let j(q) = -2*q - 3. Let t(o) = 7*o + 8. Let p(h) = -11*j(h) - 4*t(h). What is p(2)?
-11
Suppose y = -2*y + 30. Let f(a) = -1 - 10*a**2 + y - 9*a + 1 - a**3 + 3*a. What is f(-9)?
-17
Let u(m) be the first derivative of -m**4/4 + 4*m**3/3 - m**2 + 4*m + 1. Let p = 49 + -44. Suppose 0 = -3*l - p*b + 2, -l + 2*b + 12 = -2*b. Determine u(l).
-4
Suppose -3 = -32*y + 29*y. Let o(q) = -5*q + 6. Let p(r) = r**2 + 4*r - 5. Let j(v) = 3*o(v) + 4*p(v). Let g(s) be the first derivative of j(s). Give g(y).
9
Let w(s) = -s**2 - 4*s + 1. Suppose 36*b - 34*b = 30. Suppose 0*k - 5*k = -25. Suppose -14*l = -b*l - k. Determine w(l).
-4
Let f(o) = -5*o. Let i be 2/(-8) - 65/(-20). Let j be (-2*i)/(-3 + 1). Suppose -8*q + 5*q = -j. What is f(q)?
-5
Suppose 3*r + 2*r = 20. Let o be (-10)/4*10/(-1). Suppose -g + o = r*g. Let z(a) = a**2 - 4*a - 7. Give z(g).
-2
Let n = -50 + 54. Suppose -10 = -n*r + 2. Let c(p) = -p + 2. Calculate c(r).
-1
Let j(q) be the first derivative of q**2/2 + 19*q - 88. Determine j(-17).
2
Let z(x) = -3*x**3 - 8*x**2 + 3*x - 16. Let o(y) = 5*y**3 + 16*y**2 - 7*y + 30. Let q(b) = 4*o(b) + 7*z(b). Give q(7).
8
Let c(f) = f - 1. Let z(a) = 2*a**2 - 8*a - 6. Let q be z(6). Let g = q + -4. Let s = g - 10. Determine c(s).
3
Let f = 53 + -27. Suppose 0 = 2*x - 2, 4*j = -x - x + f. Let l(h) = -h**2 + 5*h + 7. Give l(j).
1
Let y(k) = -k. Let v(q) = -6*q - 7. Let l(z) = -v(z) + 5*y(z). Calculate l(12).
19
Let l(x) be the first derivative of 3*x**4/2 + 2*x**3/3 + 6*x**2 + 11*x + 10. Let y(c) = c**3 - c**2 + c + 1. Let f(k) = -l(k) + 5*y(k). Determine 